.
-16
Let t = -347 + 350. Let p(m) = 0*m - 2*m**2 + 2*m - m**3 + 2*m**3. Calculate p(t).
15
Let v(x) be the first derivative of -x**4/2 - 20*x**3 - 59*x**2/2 - 20*x + 8747. Give v(-29).
9
Let d(b) = 17*b + 109. Let y be d(-7). Let w(s) = -s**2 - 9*s - 20. What is w(y)?
-30
Let h(v) = -3*v**2 - 10*v - 48. Let u(f) = 8*f**2 + 27*f + 142. Let g(o) = -11*h(o) - 4*u(o). What is g(-7)?
-5
Let w = -130 - -66. Let z be w + -3 + -2 - (-2)/(-2). Let m be 3/((6/z)/((-4)/20)). Let i(h) = -h**2 + 9*h - 10. Calculate i(m).
4
Let b be -4 - 20/(-6) - (-70)/6. Let c(s) = -s + 9 + s**2 + b*s - 5*s + 4*s. Give c(-9).
9
Let g(p) be the first derivative of -2*p + 14 - 3/2*p**2. Give g(7).
-23
Suppose 24*r = 18*r + 54. Suppose 1 = 4*b + r, -5*b - 18 = -2*u. Let g(s) = 12*s - 4. Give g(u).
44
Let d(p) = 4*p**2 + 111*p + 1. Let s(g) = g**2 + 40*g - 1. Let h(x) = -d(x) + 3*s(x). Give h(5).
16
Let g be 2/(50/(-335)) + 2 + 6/15. Let j(d) be the second derivative of -d**5/20 - 13*d**4/12 - 23*d**3/6 - 7*d**2/2 + 4*d. Determine j(g).
4
Let n(v) be the third derivative of v**6/120 + v**5/10 - 7*v**4/24 + 7*v**3/6 - 5*v**2 + 120*v. Calculate n(-6).
49
Let c be 1 + 6 - 3/((-18)/(-12)). Let q(w) = -8 - 2*w + 16 + 6*w + 2*w + c*w + w**2. Determine q(-11).
8
Let z(p) be the second derivative of 49*p + 0 + 7/12*p**4 + 4/3*p**3 - 1/20*p**5 + 5*p**2. Determine z(8).
10
Let r(g) = -6*g + 32. Suppose 54*k + 179 = 434 + 231. Determine r(k).
-22
Let p(q) be the first derivative of q**4/4 - 4*q**3 - 13*q**2/2 + 8*q + 2116. Give p(13).
8
Let d(k) = -2*k - 10. Let y be (-16)/88*-44*((-18)/(-8))/(-3). Give d(y).
2
Let q(z) = -461*z**2 + 7 - 10*z + 943*z**2 - 481*z**2. Let y = -6 - -2. Let n(s) = -s**3 - 3*s**2 + s - 2. Let l be n(y). Give q(l).
7
Let m(b) = 8*b - 31. Let q be (4/(-8)*-4*-6)/((-99)/66). Determine m(q).
33
Let y be (-1 + 1)*(0 + 1). Let k(d) = 4*d - 7. Let i(s) = -s**2 - 24*s + 36. Let x(m) = i(m) + 6*k(m). Calculate x(y).
-6
Let c(f) = f**2 - 12*f + 23. Suppose 0 = 3*p - 2*s - 31, -3*p + 56 = p + s. Let j be c(p). Let o(i) = 4 - j*i + 19*i + 16*i. Calculate o(3).
1
Let a(z) = -11*z**2 - 2*z - 1. Let g(y) = 24*y**2 + 4*y + 2. Let v(i) = 3*i**3 - i**2 - 9*i - 3. Let q be v(-2). Let p(b) = q*a(b) - 6*g(b). Calculate p(-3).
-14
Let j(a) = 2*a - 3. Let y = -9 + -3. Let d(h) = -h**2 - 13*h - 14. Let q be d(y). Let u(l) = -l + 1. Let c(s) = q*j(s) - 5*u(s). What is c(2)?
3
Let x(h) = -38*h - 19. Let y(k) = 27*k + 15. Let p(q) = 3*x(q) + 4*y(q). Suppose -16 = -5*v - 1. Calculate p(v).
-15
Let b(h) = 3*h - 2. Suppose 0*v - r - 8 = -2*v, -3*v = 2*r + 2. Suppose k + 216 = -3*o, -5*k - 784 = -4*o + 239. Let j be v/(-9) - 874/k. Calculate b(j).
10
Suppose -6*d - 68 = d + 10*d. Let u(p) = -p**3 - 3*p**2 + 2. Calculate u(d).
18
Suppose 6 = -6*g + 5*g. Let j = 671 - 596. Let y(u) = 72*u + 8 + 75*u + j*u - 214*u + u**2. Determine y(g).
-4
Let i(u) = -79*u - 128. Let f(j) = 126*j + 192. Let k(t) = 5*f(t) + 8*i(t). Give k(-26).
-12
Let h(v) = -4 - 17*v - 7*v + 42*v - 16*v - 15. Calculate h(12).
5
Let q(j) be the third derivative of -5*j**4/24 + 5*j**3/6 + 14*j**2. Let r be (-2)/5 + (-12 - (-256)/40). What is q(r)?
35
Let o(k) be the third derivative of k**5/60 - k**4/6 + 11*k**3/6 - 2*k**2 + 230. Calculate o(3).
8
Let h(u) = 3*u**3 + 29*u**2 + 13*u + 118. Let v(i) = -2*i**3 - 19*i**2 - 9*i - 80. Let l(g) = -5*h(g) - 7*v(g). Determine l(-12).
-6
Let a(r) be the first derivative of r - 1/3*r**3 - 3/2*r**2 - 82. Calculate a(-4).
-3
Let c(b) = -2*b**2 + 6*b - 1. Let s be 27/(-2)*(-24)/(-36). Let o be (-1)/6 + s/(-54). Let r be (o + 1)/((-1)/(-5)). Calculate c(r).
-21
Suppose -58*b + 400 = -18*b. Let s(w) = -6*w + 55. What is s(b)?
-5
Let p(y) be the first derivative of y**5/20 + y**4/3 - y**3/2 - 3*y**2/2 + 59*y + 14. Let n(g) be the first derivative of p(g). Give n(-4).
9
Suppose 2*n - 119 = 3*q, -4*q - 2*n - 172 = 2*n. Let j = q - -35. Let t be (63/28)/(j/(-16)). Let b(u) = u**2 - 6*u - 8. Calculate b(t).
-8
Let r(j) = 123*j. Let q be (3/(-6) - (-11)/(-2)) + (-223 - -228). Give r(q).
-123
Let r(t) = 96605 + 0*t - 7*t - 96619. Let v(h) = 3*h + 7. Suppose -b + 3 = -4*q - 18, 5*q - 3*b + 35 = 0. Let n(j) = q*r(j) - 9*v(j). What is n(10)?
3
Let k be ((-54)/36)/(6/(-16)). Suppose -5*w + 9 = k. Let j(i) = 2*i - 2. Determine j(w).
0
Suppose 3*g = -4*n - 4 + 2, -4*n - g = -2. Let u(q) be the second derivative of 1/2*q**2 + 0*q**4 + 0*q**3 - 1/4*q**5 + 0 - 30*q. What is u(n)?
-4
Let q(d) = d**3 + d**2 - 3*d - 9. Suppose 0 = -4*o - 4*w - 12, 17*w = -3*o + 15*w - 6. Calculate q(o).
-9
Let c(w) = -12 + 53*w**2 - 161*w**2 + 55*w**2 + 54*w**2 + 7*w. What is c(-10)?
18
Let v(g) = -256*g - 536. Let a be v(-2). Let q(m) = m**3 + 22*m**2 - 47*m + 20. What is q(a)?
-4
Let r(l) = 0 + l**2 - 2*l + 0*l + l - 2*l + 8. Determine r(0).
8
Let p(x) = -x**3 - 2*x**2 + 14*x - 12. Let s = -12031 - -12032. What is p(s)?
-1
Let c(h) be the second derivative of 1/2*h**2 - 94*h + 0 - 5/6*h**3. What is c(2)?
-9
Let a be (-3 + 1 + 1)*0. Suppose a = -19*j + 13*j + 42. Let b(d) = -d**2 + 7*d + 3. Calculate b(j).
3
Suppose -x - 6 = -l, -5*l - x - 3 = -15. Let n(v) = -l*v - 42*v**3 + 18*v**3 - 4 + 25*v**3 + 4*v**2. Let a = -1 - 3. Determine n(a).
8
Let c(a) = -4*a**3 + a**2 - a - 3. Let g be c(-1). Suppose -g*u - 20 = -p - 0*p, 2*p = -8. Let y(w) = 2 - 8*w + w**2 + 0*w**2 - 2*w**2 + 0*w. Determine y(u).
2
Let y(u) = -u**2 + 2*u + 9. Let j be 0 + -3 - 40/(1 - 6). Give y(j).
-6
Let n(m) = -44 + 60*m + 42*m - 87*m - m**2. Let q be n(10). Let o(g) = -3 - 11*g**3 + 7*g + 10*g**3 - 2 + 5*g**2. Give o(q).
1
Let d(p) = 5*p - 25. Let m(u) = -1615*u + 4852. Let o be m(3). Determine d(o).
10
Let h(a) = -17*a**2 + 13*a - 9. Let t(c) = 65*c**2 - 49*c + 34. Let l(u) = -23*h(u) - 6*t(u). Determine l(7).
17
Let l(g) = -7*g**2 + 2*g + 2. Let p(f) = 13*f**2 - 3*f - 4. Let z(y) = -5*l(y) - 3*p(y). Let h = -20763 + 20764. What is z(h)?
-3
Let u = 23 + -26. Let v be (-2 - -3)/(u/(-12)). Let j(d) = d**2. Let t(o) = 4*o**2 + 3. Let z(w) = -3*j(w) + t(w). What is z(v)?
19
Let t be (-5 - -5)/((-165)/(-44) - 12/16). Let f(a) = -6*a - 14. Let k(r) = 2*r - 8*r + r - 14. Let j(g) = 4*f(g) - 5*k(g). Give j(t).
14
Suppose o + 125 = 4*g, -53 - 62 = -4*g - o. Suppose 36*k = 33*k + g. Let d(u) = u + 13. Calculate d(k).
23
Let c(u) be the third derivative of -25*u**4/24 - 5*u**3/2 + 2288*u**2. Calculate c(-5).
110
Let r(o) = 7*o - 9. Let z(v) be the third derivative of -11*v**4/24 + 13*v**3/6 + 8*v**2 - v. Let p(m) = 8*r(m) + 5*z(m). Give p(6).
-1
Let b(p) = 16*p - 102. Suppose 5*z - m - 24 = 0, 2*z + 60*m = 55*m + 42. What is b(z)?
-6
Let l(s) be the first derivative of s**4/4 - 5*s**3 - 37*s**2/2 - s + 4717. What is l(17)?
-52
Let i(h) = -19*h**2 + 4*h + 5. Let n(j) = -16*j**2 + 3*j + 4. Let p(g) = -5*i(g) + 6*n(g). Let k = -209 + 208. Give p(k).
0
Let x = 38 - 80. Let i = x - -46. Let f(y) = 19*y**2 - 10*y - 6*y**2 - 4 - i - 14*y**2. Give f(-6).
16
Let k = -7 - -9. Suppose k*y = 7*y - 15. Let m(t) = 2*t + 11. Let a(w) = -6*w - 26. Let n(j) = -3*a(j) - 7*m(j). What is n(y)?
13
Let r(q) = 6*q - 3. Let s be r(1). Let z(w) = -3*w**3 + 7*w**2 + 7*w**3 - s*w**3 + 10*w + 0*w**3. Determine z(-5).
0
Let s = -14993 - -15005. Let i(v) be the second derivative of -v**3/3 - 7*v**2/2 - 12*v. Determine i(s).
-31
Let k(c) be the third derivative of -c**6/120 + 7*c**5/60 - c**4/4 + 7*c**3/6 + 155*c**2. Suppose -3*m = 5*r + 2, 0 = m + 3*r - 8*r - 26. Calculate k(m).
7
Let n(j) = 10*j**3 - j - 1. Let a be n(-1). Let q be (-76)/a - (-4)/10. Let y(g) = g - g + 3 + 0*g - q*g. What is y(3)?
-21
Suppose -12*w = -17*w + 1395. Suppose 0 = -0*n + 9*n - w. Let d(i) = -9 + n - 4*i - 14 - 13. Calculate d(-4).
11
Suppose -o + 3 = 5*j, -3*o + 12 = -2*j - 14. Let q = 6 + -2. Let c(b) = 8 - q*b + b**2 - 6*b + 0. What is c(o)?
-8
Let t(s) be the third derivative of -s**7/2520 + s**6/48 - 5*s**5/24 + 77*s**4/24 - 26*s**2 - 2. Let o(w) be the second derivative of t(w). Determine o(14).
-11
Let o(z) = 19*z**2 - 13*z + 11. Let i be o(1). Let p(v) = 16*v - 282. Calculate p(i).
-10
Let t(p) = -3*p**3 + 13*p**2 + 2*p + 10. Let g(v) = 2*v**3 - 7*v**2 - v - 6. Let f(x) = 5*g(x) + 3*t(x). Let a(m) = -4*m + 14. Let k be a(4). What is f(k)?
6
Let s be (60/45)/((-24)/(-108)). Let h(g) be the third derivati